?
True
Is 645 a factor of 7651380?
False
Does 1187 divide 186584062?
False
Does 956 divide 11458855?
False
Is 15 a factor of 41365260?
True
Is 3742 a factor of 907689456?
True
Is 719862364 a multiple of 20?
False
Is 578281480 a multiple of 20?
True
Is 514093714 a multiple of 110?
False
Does 292 divide 316768608?
True
Does 348 divide 1650791592?
True
Does 1686 divide 2134547?
False
Is 533 a factor of 196661609?
False
Is 9056340 a multiple of 558?
True
Is 168 a factor of 106765344?
True
Does 710 divide 337539588?
False
Is 115519224 a multiple of 1182?
True
Is 16 a factor of 43656832?
True
Is 112 a factor of 4098772944?
True
Does 7560 divide 382732560?
True
Is 354745089 a multiple of 7152?
False
Is 72 a factor of 103392?
True
Is 61 a factor of 98523052?
True
Is 52591595 a multiple of 1631?
True
Does 107 divide 271515967?
False
Is 11435936 a multiple of 2417?
False
Does 2218 divide 244277212?
True
Is 3070 a factor of 143181730?
True
Does 1964 divide 118985012?
True
Is 1504 a factor of 929301030?
False
Is 183930280 a multiple of 40?
True
Is 3707 a factor of 404418872?
True
Is 363 a factor of 13211748?
True
Is 41529478 even?
True
Is 11384298 a multiple of 226?
True
Does 7730 divide 1794765882?
False
Is 647 a factor of 942319267?
False
Does 199 divide 574652897?
True
Is 366 a factor of 141625164?
True
Is 119557174 a multiple of 506?
True
Does 4 divide 432415391?
False
Is 246 a factor of 1987838670?
True
Is 10 a factor of 102541860?
True
Is 180084979 a multiple of 1032?
False
Does 4270 divide 798332010?
True
Does 472 divide 79792775?
False
Does 167 divide 58687975?
True
Is 7 a factor of 84532518?
True
Does 101 divide 1284442654?
True
Is 43 a factor of 1104111060?
False
Does 1793 divide 610169299?
False
Is 783 a factor of 2408594913?
True
Is 135 a factor of 905186901?
False
Is 56713860 a multiple of 630?
True
Is 3741 a factor of 798258811?
False
Is 69 a factor of 9836913?
False
Does 190 divide 1172751250?
True
Is 108980401 a multiple of 326?
False
Is 1239667 a multiple of 163?
False
Is 1244567536 a multiple of 8?
True
Is 24612040 a multiple of 2084?
True
Does 407 divide 8738697?
True
Does 20 divide 368640814?
False
Is 17 a factor of 66041256?
False
Does 1805 divide 542340740?
False
Is 697092132 a multiple of 19?
False
Does 40 divide 53880560?
True
Is 6528 a factor of 377441792?
False
Is 1476210274 a multiple of 781?
True
Is 39 a factor of 389433011?
False
Is 386917572 a multiple of 98?
False
Is 353310604 a multiple of 219?
False
Is 247 a factor of 109357768?
True
Does 397 divide 38143760?
True
Does 373 divide 64103034?
True
Does 2 divide 29135890?
True
Is 588 a factor of 321461197?
False
Is 71 a factor of 464733674?
False
Does 1085 divide 20303605?
True
Does 1512 divide 1297122120?
True
Is 5327089 a multiple of 159?
False
Does 1899 divide 19808261?
False
Is 556808730 a multiple of 14?
False
Is 7 a factor of 23598608?
False
Does 2738 divide 23378511?
False
Is 26863939 a multiple of 24?
False
Does 30 divide 58023630?
True
Is 285121175 a multiple of 205?
True
Is 2681063740 a multiple of 20?
True
Is 719397216 a multiple of 4?
True
Is 8760604 a multiple of 58?
False
Does 97 divide 4018877869?
False
Is 24 a factor of 830078278?
False
Is 8 a factor of 18455810?
False
Does 1276 divide 3019016?
True
Is 2099 a factor of 419153332?
False
Is 22188978 a multiple of 187?
False
Is 38306790 a multiple of 421?
True
Does 297 divide 247983833?
False
Is 24760260 a multiple of 3612?
True
Does 48 divide 36884064?
True
Is 743 a factor of 106997201?
True
Is 307068769 a multiple of 4560?
False
Does 49 divide 813792?
True
Does 29 divide 5239372?
True
Is 22649604 a multiple of 12?
True
Is 25 a factor of 120499008?
False
Does 11 divide 44019426?
True
Is 93281207 a multiple of 60?
False
Is 4088475862 a multiple of 15?
False
Is 1462 a factor of 2105398422?
True
Does 394 divide 131337142?
True
Is 79 a factor of 3841312728?
False
Is 284 a factor of 10255808?
True
Is 1750177 a multiple of 143?
True
Is 1349 a factor of 40466316?
False
Is 8 a factor of 631359576?
True
Is 16 a factor of 137274944?
True
Does 3763 divide 4968578177?
False
Is 129 a factor of 278282670?
True
Is 14615596 a multiple of 3319?
False
Does 386 divide 19386752?
False
Is 831 a factor of 51145557?
True
Is 132 a factor of 181357440?
True
Does 273 divide 186386168?
False
Does 34 divide 2379019716?
False
Is 54 a factor of 7418578?
False
Does 1317 divide 1720646013?
True
Is 1225847529 a multiple of 2127?
True
Is 1086861535 a multiple of 872?
False
Is 3107258730 a multiple of 58?
False
Is 8 a factor of 45206920?
True
Is 20 a factor of 545275780?
True
Is 3 a factor of 18920250?
True
Is 1200787450 a multiple of 1150?
True
Is 31 a factor of 16833192?
False
Does 9928 divide 1003780368?
True
Is 34 a factor of 131761458?
True
Is 319 a factor of 2945151231?
True
Is 472997566 a multiple of 4387?
True
Is 1648351943 a multiple of 119?
True
Is 339871722 a multiple of 46?
False
Is 109812472 a multiple of 1958?
True
Is 14486142 a multiple of 47?
False
Is 110878998 a multiple of 23?
True
Does 46 divide 34184164?
True
Is 107 a factor of 95556243?
True
Is 436786714 a multiple of 2821?
True
Is 124 a factor of 195082132?
True
Is 112224735 a multiple of 171?
True
Is 1898355400 a multiple of 284?
True
Does 1083 divide 79371993?
False
Does 4 divide 19085453?
False
Does 2325 divide 563426550?
True
Is 34597583 a multiple of 1008?
False
Is 294873476 a multiple of 2310?
False
Is 2712084843 a multiple of 39?
True
Is 14 a factor of 62623537?
False
Is 1024 a factor of 3234658304?
True
Is 765474720 a multiple of 116?
True
Is 50 a factor of 72483667?
False
Is 81849290 a multiple of 641?
True
Does 512 divide 526023412?
False
Is 172055680 a multiple of 9?
False
Is 36 a factor of 232594340?
False
Does 809 divide 24034408?
False
Does 102 divide 55388142?
True
Does 1166 divide 896663328?
True
Is 43 a factor of 1026067399?
False
Is 67116073 a multiple of 28?
False
Is 2708006868 a multiple of 492?
True
Is 102782650 a multiple of 2525?
True
Is 120706774 a multiple of 33?
False
Is 1122 a factor of 8816676?
True
Is 18 a factor of 108434593?
False
Is 66466364 a multiple of 632?
False
Does 1153 divide 64224422?
False
Is 46 a factor of 37524040?
True
Is 115 a factor of 1285240?
True
Is 3 a factor of 132396416?
False
Is 907752 a multiple of 218?
True
Is 33393341 a multiple of 22?
False
Does 31 divide 51110413?
True
Is 2046959510 a multiple of 6175?
False
Does 198 divide 589583762?
False
Is 1474814 a multiple of 68?
False
Does 28 divide 138221682?
False
Does 134 divide 14261987?
False
Is 222410827 a multiple of 139?
False
Is 16 a factor of 69930921?
False
Is 7473358 a multiple of 216?
False
Is 108 a factor of 11714328?
True
Is 28378200 a multiple of 40?
True
Is 13 a factor of 101556637?
True
Is 917 a factor of 32644283?
True
Does 6510 divide 1471364160?
True
Does 24 divide 1351676716?
False
Is 2355 a factor of 56550615?
True
Is 3976 a factor of 117009704?
True
Does 542 divide 721604166?
True
Does 5715 divide 809169705?
True
Is 90 a factor of 408378150?
True
Is 123 a factor of 1859481036?
True
Is 29 a factor of 51092551?
False
Is 42 a factor of 35175378?
True
Is 1061 a factor of 499651425?
True
Is 217 a factor of 2200626295?
True
Is 497507826 a multiple of 61?
True
Is 143393775 a multiple of 75?
True
Is 4 a factor of 336684041?
False
Is 2462862148 a multiple of 1343?
False
Does 55 divide 159414750?
True
Is 58 a factor of 89013328?
False
Does 59 divide 100013383?
False
Does 6159 divide 255337477?
False
Does 3 divide 4014333?
True
Does 174 divide 89135875?
False
Is 156911224 a multiple of 624?
False
Is 100933213 a multiple of 408?
False
Is 803 a factor of 141124812?
False
Does 2698 divide 726633454?
True
Does 8 divide 97885768?
True
Is 136 a factor of 243534056?
False
Does 46 divide 121894215?
False
Does 74 divide 314357340?
False
Is 493 a factor of 29107940?
False
Is 275975423 a multiple of 31?
True
Is 9 a factor of 14304348?
True
Does 437 divide 387181922?
False
Does 22 divide 32980060?
False
Is 326 a factor of 47546774?
True
Is 509 a factor of 14114061?
True
Does 1308 divide 166768428?
False
Is 285 a factor of 717601461?
False
Is 5537765 a multiple of 275?
False
Is 282787755 a multiple of 4?
False
Is 4594876841 a multiple of 659?
True
Is 658 a factor of 3062775